{"id":65,"date":"2015-01-27T22:48:40","date_gmt":"2015-01-27T20:48:40","guid":{"rendered":"http:\/\/huittmp.piiri.net\/pages\/?page_id=65"},"modified":"2020-08-17T08:50:34","modified_gmt":"2020-08-17T05:50:34","slug":"yhteistyokumppanit","status":"publish","type":"page","link":"https:\/\/www.huittmp.com\/sivut\/kerhoesittely\/yhteistyokumppanit\/","title":{"rendered":"Yhteisty\u00f6kumppanit"},"content":{"rendered":"<p>Huittisten moottoripy\u00f6r\u00e4ilij\u00e4t ry:n yhteisty\u00f6kumppaneina toimivat t\u00e4ll\u00e4 hetkell\u00e4 seuraavat yritykset ja yhteis\u00f6t. Haluatko tukea yhdistyksen toimintaa, ota yhteytt\u00e4 pj (\u00e4t) huittmp.com.<\/p>\n<p>&nbsp;<\/p>\n<table style=\"border: 1px solid #cccccc;\">\n<tbody>\n<tr>\n<th>Nimi<\/th>\n<th>Toimiala ja Yhteystiedot<\/th>\n<\/tr>\n<tr>\n<td>\n<h5>Bikestoppi Oy<\/h5>\n<\/td>\n<td><span style=\"font-size: large;\">Bikestopin l\u00f6yd\u00e4t Harjavallasta osoitteesta Kuusiniementie 136. Yritys tarjoaa moottoripy\u00f6r\u00e4-, mopo- ja polkupy\u00f6r\u00e4huoltoja sek\u00e4 rengast\u00f6it\u00e4. Bikestop myy tavallisten polkupy\u00f6rien lis\u00e4ksi my\u00f6s s\u00e4hk\u00f6isi\u00e4 polkupy\u00f6ri\u00e4. S\u00e4hk\u00f6isi\u00e4 polkupy\u00f6ri\u00e4 voi my\u00f6s vuokrata.<\/span><\/p>\n<p><a href=\"http:\/\/www.bikestoppi.fi\">http:\/\/www.bikestoppi.fi<\/a><\/p>\n<p><img loading=\"lazy\" decoding=\"async\" class=\"alignleft size-large\" src=\"https:\/\/www.huittmp.com\/yhteistyokumppanit\/images\/bikestop2.png\" width=\"303\" height=\"289\" \/><\/p>\n<p>&nbsp;<\/p>\n<p>&nbsp;<\/td>\n<\/tr>\n<tr>\n<td>\n<h5>MP-renkaat store<\/h5>\n<p>&nbsp;<\/td>\n<td>Kotimainen renkaita, varaosia, ja ajovarusteita kilpailukykyiseen hintaan tarjoava verkkokauppa.<\/p>\n<p><a href=\"https:\/\/mprenkaat-store.com\/\"><img loading=\"lazy\" decoding=\"async\" class=\"aligncenter\" style=\"display: none !important;\" src=\"https:\/\/www.huittmp.com\/adds\/images\/mprenkaat.png\" alt=\"\" width=\"270\" height=\"270\" \/><\/a><a href=\"https:\/\/mprenkaat-store.com\/\" target=\"_blank\" rel=\"noopener noreferrer\">https:\/\/mprenkaat-store.com\/<\/a><\/p>\n<p><img loading=\"lazy\" decoding=\"async\" class=\"alignnone size-large\" src=\"https:\/\/www.huittmp.com\/yhteistyokumppanit\/images\/mprenkaat-eco.jpg\" width=\"195\" height=\"195\" \/><\/td>\n<\/tr>\n<tr>\n<td>\n<h5>PP-Pesu<\/h5>\n<p>&nbsp;<\/p>\n<p>&nbsp;<\/td>\n<td>Henkil\u00f6- ja pakettiautojen p\u00e4\u00e4lipesut, kiillotukset, vahaukset, pinnoitukset ja sis\u00e4pesut\/-puhdistukset. Asuntoautojen ja -vaunujen, traktoreiden, m\u00f6nkij\u00f6iden, veneiden ym. p\u00e4\u00e4lipesut.<\/p>\n<p><a href=\"http:\/\/www.pp-pesu.fi\/\">http:\/\/www.pp-pesu.fi\/<\/a><\/p>\n<p>PP-Pesu Petri Pirttikoski, Liukkaantie 3, 32700 Huittinen, puh. 050 555 7623<\/p>\n<p><img loading=\"lazy\" decoding=\"async\" class=\"wp-image-2846 alignleft\" src=\"https:\/\/www.huittmp.com\/sivut\/wp-content\/uploads\/2018\/04\/pp-pesu-mainos-461x600.png\" alt=\"\" width=\"350\" height=\"456\" srcset=\"https:\/\/www.huittmp.com\/sivut\/wp-content\/uploads\/2018\/04\/pp-pesu-mainos-461x600.png 461w, https:\/\/www.huittmp.com\/sivut\/wp-content\/uploads\/2018\/04\/pp-pesu-mainos-115x150.png 115w, https:\/\/www.huittmp.com\/sivut\/wp-content\/uploads\/2018\/04\/pp-pesu-mainos-230x300.png 230w, https:\/\/www.huittmp.com\/sivut\/wp-content\/uploads\/2018\/04\/pp-pesu-mainos.png 467w\" sizes=\"(max-width: 350px) 100vw, 350px\" \/><\/td>\n<\/tr>\n<tr>\n<td>\n<h5>Huittisten Specialmotors Oy<\/h5>\n<\/td>\n<td>Yamaha merkkiedustus, MP ja m\u00f6nkk\u00e4ri varusteet ja varaosat.<a href=\"http:\/\/www.hs-motors.com\/\">http:\/\/www.hs-motors.com\/<\/a><\/p>\n<p><a href=\"http:\/\/www.hs-motors.com\/\"><img loading=\"lazy\" decoding=\"async\" class=\"aligncenter\" style=\"display: none !important;\" src=\"https:\/\/www.huittmp.com\/adds\/images\/hsmotors_logo.jpg\" alt=\"\" width=\"250\" height=\"250\" \/><\/a><\/p>\n<p>Puh. 02-568700, 0440 568700 Varaosat<\/p>\n<p>Puh. 044-7568700, Fax. 02-568760<\/p>\n<p>S\u00e4hk\u00f6posti info@hs-motors.com<\/p>\n<p><img loading=\"lazy\" decoding=\"async\" class=\"alignnone size-large\" src=\"https:\/\/www.huittmp.com\/yhteistyokumppanit\/images\/hsmotors_logo.jpg\" width=\"250\" height=\"250\" \/><\/td>\n<\/tr>\n<tr>\n<td>\n<h5>Huittisten MP-huolto<\/h5>\n<\/td>\n<td>Moottoripy\u00f6rien huoltotoiminta. Duell tarvikkeet saatavissa ja kaikkea sopii kysy\u00e4. Kalliokorventie 7, Huhtamo. 044 986 3473<\/p>\n<p><a href=\"http:\/\/www.hmph.fi\/\">http:\/\/www.hmph.fi\/<\/a><\/p>\n<p><img loading=\"lazy\" decoding=\"async\" class=\"alignnone size-large\" src=\"https:\/\/www.huittmp.com\/yhteistyokumppanit\/images\/hmph.jpg\" width=\"250\" height=\"250\" \/><\/p>\n<p><a href=\"https:\/\/www.facebook.com\/huittistenmphuolto\/\"><img loading=\"lazy\" decoding=\"async\" class=\"aligncenter\" style=\"display: none !important;\" src=\"https:\/\/www.huittmp.com\/adds\/images\/hmph.jpg\" alt=\"\" width=\"250\" height=\"250\" \/><\/a><\/td>\n<\/tr>\n<\/tbody>\n<\/table>\n","protected":false},"excerpt":{"rendered":"<p>Huittisten moottoripy\u00f6r\u00e4ilij\u00e4t ry:n yhteisty\u00f6kumppaneina toimivat t\u00e4ll\u00e4 hetkell\u00e4 seuraavat yritykset ja yhteis\u00f6t. Haluatko tukea yhdistyksen toimintaa, ota yhteytt\u00e4 pj (\u00e4t) huittmp.com. &nbsp; Nimi Toimiala ja Yhteystiedot Bikestoppi Oy Bikestopin l\u00f6yd\u00e4t Harjavallasta&hellip; <a class=\"read-more\" href=\"https:\/\/www.huittmp.com\/sivut\/kerhoesittely\/yhteistyokumppanit\/\" title=\"Yhteisty\u00f6kumppanit\"><i class=\"fa fa-arrow-right\"><\/i><\/a><\/p>\n","protected":false},"author":1,"featured_media":0,"parent":5,"menu_order":5,"comment_status":"closed","ping_status":"closed","template":"","meta":{"footnotes":""},"yoast_head":"<!-- This site is optimized with the Yoast SEO plugin v21.9.1 - https:\/\/yoast.com\/wordpress\/plugins\/seo\/ -->\n<title>Yhteisty\u00f6kumppanit - HUITTISTEN MOOTTORIPY\u00d6R\u00c4ILIJ\u00c4T RY.<\/title>\n<meta name=\"robots\" content=\"index, follow, max-snippet:-1, max-image-preview:large, max-video-preview:-1\" \/>\n<link rel=\"canonical\" href=\"https:\/\/www.huittmp.com\/sivut\/kerhoesittely\/yhteistyokumppanit\/\" \/>\n<meta property=\"og:locale\" content=\"fi_FI\" \/>\n<meta property=\"og:type\" content=\"article\" \/>\n<meta property=\"og:title\" content=\"Yhteisty\u00f6kumppanit - HUITTISTEN MOOTTORIPY\u00d6R\u00c4ILIJ\u00c4T RY.\" \/>\n<meta property=\"og:description\" content=\"Huittisten moottoripy\u00f6r\u00e4ilij\u00e4t ry:n yhteisty\u00f6kumppaneina toimivat t\u00e4ll\u00e4 hetkell\u00e4 seuraavat yritykset ja yhteis\u00f6t. Haluatko tukea yhdistyksen toimintaa, ota yhteytt\u00e4 pj (\u00e4t) huittmp.com. &nbsp; Nimi Toimiala ja Yhteystiedot Bikestoppi Oy Bikestopin l\u00f6yd\u00e4t Harjavallasta&hellip;\" \/>\n<meta property=\"og:url\" content=\"https:\/\/www.huittmp.com\/sivut\/kerhoesittely\/yhteistyokumppanit\/\" \/>\n<meta property=\"og:site_name\" content=\"HUITTISTEN MOOTTORIPY\u00d6R\u00c4ILIJ\u00c4T RY.\" \/>\n<meta property=\"article:modified_time\" content=\"2020-08-17T05:50:34+00:00\" \/>\n<meta property=\"og:image\" content=\"https:\/\/www.huittmp.com\/yhteistyokumppanit\/images\/bikestop2.png\" \/>\n<meta name=\"twitter:card\" content=\"summary_large_image\" \/>\n<meta name=\"twitter:label1\" content=\"Arvioitu lukuaika\" \/>\n\t<meta name=\"twitter:data1\" content=\"1 minuutti\" \/>\n<script type=\"application\/ld+json\" class=\"yoast-schema-graph\">{\"@context\":\"https:\/\/schema.org\",\"@graph\":[{\"@type\":\"WebPage\",\"@id\":\"https:\/\/www.huittmp.com\/sivut\/kerhoesittely\/yhteistyokumppanit\/\",\"url\":\"https:\/\/www.huittmp.com\/sivut\/kerhoesittely\/yhteistyokumppanit\/\",\"name\":\"Yhteisty\u00f6kumppanit - HUITTISTEN MOOTTORIPY\u00d6R\u00c4ILIJ\u00c4T RY.\",\"isPartOf\":{\"@id\":\"https:\/\/www.huittmp.com\/sivut\/#website\"},\"datePublished\":\"2015-01-27T20:48:40+00:00\",\"dateModified\":\"2020-08-17T05:50:34+00:00\",\"breadcrumb\":{\"@id\":\"https:\/\/www.huittmp.com\/sivut\/kerhoesittely\/yhteistyokumppanit\/#breadcrumb\"},\"inLanguage\":\"fi\",\"potentialAction\":[{\"@type\":\"ReadAction\",\"target\":[\"https:\/\/www.huittmp.com\/sivut\/kerhoesittely\/yhteistyokumppanit\/\"]}]},{\"@type\":\"BreadcrumbList\",\"@id\":\"https:\/\/www.huittmp.com\/sivut\/kerhoesittely\/yhteistyokumppanit\/#breadcrumb\",\"itemListElement\":[{\"@type\":\"ListItem\",\"position\":1,\"name\":\"Home\",\"item\":\"https:\/\/www.huittmp.com\/sivut\/\"},{\"@type\":\"ListItem\",\"position\":2,\"name\":\"Kerhoesittely\",\"item\":\"https:\/\/www.huittmp.com\/sivut\/kerhoesittely\/\"},{\"@type\":\"ListItem\",\"position\":3,\"name\":\"Yhteisty\u00f6kumppanit\"}]},{\"@type\":\"WebSite\",\"@id\":\"https:\/\/www.huittmp.com\/sivut\/#website\",\"url\":\"https:\/\/www.huittmp.com\/sivut\/\",\"name\":\"HUITTISTEN MOOTTORIPY\u00d6R\u00c4ILIJ\u00c4T RY.\",\"description\":\"Moottoripy\u00f6r\u00e4ily\u00e4 vuodesta 1979\",\"potentialAction\":[{\"@type\":\"SearchAction\",\"target\":{\"@type\":\"EntryPoint\",\"urlTemplate\":\"https:\/\/www.huittmp.com\/sivut\/?s={search_term_string}\"},\"query-input\":\"required name=search_term_string\"}],\"inLanguage\":\"fi\"}]}<\/script>\n<!-- \/ Yoast SEO plugin. -->","yoast_head_json":{"title":"Yhteisty\u00f6kumppanit - HUITTISTEN MOOTTORIPY\u00d6R\u00c4ILIJ\u00c4T RY.","robots":{"index":"index","follow":"follow","max-snippet":"max-snippet:-1","max-image-preview":"max-image-preview:large","max-video-preview":"max-video-preview:-1"},"canonical":"https:\/\/www.huittmp.com\/sivut\/kerhoesittely\/yhteistyokumppanit\/","og_locale":"fi_FI","og_type":"article","og_title":"Yhteisty\u00f6kumppanit - HUITTISTEN MOOTTORIPY\u00d6R\u00c4ILIJ\u00c4T RY.","og_description":"Huittisten moottoripy\u00f6r\u00e4ilij\u00e4t ry:n yhteisty\u00f6kumppaneina toimivat t\u00e4ll\u00e4 hetkell\u00e4 seuraavat yritykset ja yhteis\u00f6t. Haluatko tukea yhdistyksen toimintaa, ota yhteytt\u00e4 pj (\u00e4t) huittmp.com. &nbsp; Nimi Toimiala ja Yhteystiedot Bikestoppi Oy Bikestopin l\u00f6yd\u00e4t Harjavallasta&hellip;","og_url":"https:\/\/www.huittmp.com\/sivut\/kerhoesittely\/yhteistyokumppanit\/","og_site_name":"HUITTISTEN MOOTTORIPY\u00d6R\u00c4ILIJ\u00c4T RY.","article_modified_time":"2020-08-17T05:50:34+00:00","og_image":[{"url":"https:\/\/www.huittmp.com\/yhteistyokumppanit\/images\/bikestop2.png"}],"twitter_card":"summary_large_image","twitter_misc":{"Arvioitu lukuaika":"1 minuutti"},"schema":{"@context":"https:\/\/schema.org","@graph":[{"@type":"WebPage","@id":"https:\/\/www.huittmp.com\/sivut\/kerhoesittely\/yhteistyokumppanit\/","url":"https:\/\/www.huittmp.com\/sivut\/kerhoesittely\/yhteistyokumppanit\/","name":"Yhteisty\u00f6kumppanit - HUITTISTEN MOOTTORIPY\u00d6R\u00c4ILIJ\u00c4T RY.","isPartOf":{"@id":"https:\/\/www.huittmp.com\/sivut\/#website"},"datePublished":"2015-01-27T20:48:40+00:00","dateModified":"2020-08-17T05:50:34+00:00","breadcrumb":{"@id":"https:\/\/www.huittmp.com\/sivut\/kerhoesittely\/yhteistyokumppanit\/#breadcrumb"},"inLanguage":"fi","potentialAction":[{"@type":"ReadAction","target":["https:\/\/www.huittmp.com\/sivut\/kerhoesittely\/yhteistyokumppanit\/"]}]},{"@type":"BreadcrumbList","@id":"https:\/\/www.huittmp.com\/sivut\/kerhoesittely\/yhteistyokumppanit\/#breadcrumb","itemListElement":[{"@type":"ListItem","position":1,"name":"Home","item":"https:\/\/www.huittmp.com\/sivut\/"},{"@type":"ListItem","position":2,"name":"Kerhoesittely","item":"https:\/\/www.huittmp.com\/sivut\/kerhoesittely\/"},{"@type":"ListItem","position":3,"name":"Yhteisty\u00f6kumppanit"}]},{"@type":"WebSite","@id":"https:\/\/www.huittmp.com\/sivut\/#website","url":"https:\/\/www.huittmp.com\/sivut\/","name":"HUITTISTEN MOOTTORIPY\u00d6R\u00c4ILIJ\u00c4T RY.","description":"Moottoripy\u00f6r\u00e4ily\u00e4 vuodesta 1979","potentialAction":[{"@type":"SearchAction","target":{"@type":"EntryPoint","urlTemplate":"https:\/\/www.huittmp.com\/sivut\/?s={search_term_string}"},"query-input":"required name=search_term_string"}],"inLanguage":"fi"}]}},"_links":{"self":[{"href":"https:\/\/www.huittmp.com\/sivut\/wp-json\/wp\/v2\/pages\/65"}],"collection":[{"href":"https:\/\/www.huittmp.com\/sivut\/wp-json\/wp\/v2\/pages"}],"about":[{"href":"https:\/\/www.huittmp.com\/sivut\/wp-json\/wp\/v2\/types\/page"}],"author":[{"embeddable":true,"href":"https:\/\/www.huittmp.com\/sivut\/wp-json\/wp\/v2\/users\/1"}],"replies":[{"embeddable":true,"href":"https:\/\/www.huittmp.com\/sivut\/wp-json\/wp\/v2\/comments?post=65"}],"version-history":[{"count":74,"href":"https:\/\/www.huittmp.com\/sivut\/wp-json\/wp\/v2\/pages\/65\/revisions"}],"predecessor-version":[{"id":3479,"href":"https:\/\/www.huittmp.com\/sivut\/wp-json\/wp\/v2\/pages\/65\/revisions\/3479"}],"up":[{"embeddable":true,"href":"https:\/\/www.huittmp.com\/sivut\/wp-json\/wp\/v2\/pages\/5"}],"wp:attachment":[{"href":"https:\/\/www.huittmp.com\/sivut\/wp-json\/wp\/v2\/media?parent=65"}],"curies":[{"name":"wp","href":"https:\/\/api.w.org\/{rel}","templated":true}]}}